 - 31. Suppose -818 + 146 = -w*z. List the prime factors of z.
2, 3
Suppose -5*j + 6*j - 19 = 0. Suppose 3*r + j = 58. What are the prime factors of r?
13
Suppose 3*w = -2*w - 2*m + 108, -w - 2*m + 20 = 0. What are the prime factors of w/66 - (0 - 935/3)?
2, 3, 13
Let s(i) = i**3 + 7*i**2 + 4*i - 8. Let c be s(-6). Suppose -a + 5*g = -5, -3*a + 0*g = -c*g - 59. What are the prime factors of a?
5
What are the prime factors of 0/(-2) + (-3 - -329)*1?
2, 163
Let w(h) = 15*h**2 + 5*h - 22. What are the prime factors of w(7)?
2, 11, 17
Let u(f) = -8*f**2 - 3*f - 15. Let s(h) = -31*h**2 - 13*h - 59. Let k(l) = 2*s(l) - 9*u(l). What are the prime factors of k(-4)?
173
List the prime factors of 0 + -7*(-2 - 10).
2, 3, 7
Suppose 22926 = 1597*v - 1591*v. List the prime factors of v.
3821
Suppose -6 + 0 = 3*j. List the prime factors of j + 4 - (-52 - -1) - -3.
2, 7
Let z = 24 + 26. Let d(l) = -l - 3. Let a be d(-3). Suppose -2*y + z = -a*y. What are the prime factors of y?
5
Let o(x) = 95*x**3 - 12*x**2 + 5*x - 30. What are the prime factors of o(4)?
2, 2939
Let a be ((-12)/(-10) + 0)/(3/(-10)). What are the prime factors of (17/a)/(((-68)/48)/17)?
3, 17
Let l = 78 + 168. What are the prime factors of l?
2, 3, 41
Let p(h) = h**2 - h - 1. Let i(s) = -5*s**2 - 9*s - 9. Let d(z) = -i(z) + 3*p(z). List the prime factors of d(-4).
2, 5, 11
Let f be (1 - (-84)/(-8))*8. Let w = 138 + f. What are the prime factors of w?
2, 31
Let r(b) = -470*b - 509. List the prime factors of r(-10).
3, 11, 127
Let x be (-2 - -5) + (4 + 0 - 3). Suppose -3*i = -p + 95, -x*i = -p - 25 + 121. What are the prime factors of p?
2, 23
List the prime factors of 777 + (-1)/((-1)/7).
2, 7
Let a be (-4)/6 - (-34)/6. Suppose -39 - 86 = a*t. What are the prime factors of (-10)/t - (-63)/5?
13
Let f(l) = -4*l**3 + l + 4*l**3 + 3*l**3. Let p = 78 - 77. What are the prime factors of f(p)?
2
Suppose 4*s - 884 = -4*i, 13*s + 4*i = 14*s - 216. What are the prime factors of s?
2, 5, 11
Suppose 7*l - 164 = 158. Let w = l - 20. What are the prime factors of w?
2, 13
Let s(z) = 11*z. Suppose 4*v - 22 = -14. List the prime factors of s(v).
2, 11
Let j = 1762 + -716. What are the prime factors of j?
2, 523
Let b be 24 + -5 - 2/2. Suppose -4*k + 18 + 2 = 0. Suppose -50 = -5*i - k*w, 3*i - 4*w - b = -3*w. What are the prime factors of i?
7
Let h(q) = -57*q - 629. List the prime factors of h(-30).
23, 47
Let d(c) = 2*c**2 - 8*c - 4. Let l be d(6). Suppose 2*x - 32 = l. Let j = x + -14. What are the prime factors of j?
2, 3
Let y(r) = -84*r**3 - 3*r**2 - r - 14. List the prime factors of y(-3).
2, 5, 223
Let a(s) = s**3 - 5*s - 8. Let d be a(-3). List the prime factors of (-8)/d + 596/10.
2, 3, 5
Let x be -13 + 12 - (0 + -559). Suppose -4*h + x = 2*h. List the prime factors of h.
3, 31
Let z = 604 - 287. List the prime factors of z.
317
Let o(l) = l**2 + 3*l + 7. Let s(g) = -2*g. Let i be s(2). Let f be (i - (-7)/2)*12. List the prime factors of o(f).
5
Suppose 1 = 2*b - 7. Suppose o = -b*o + 95. Let m = 41 - o. What are the prime factors of m?
2, 11
Suppose 4548 = -184*p + 190*p. What are the prime factors of p?
2, 379
Let x = 20 - 26. What are the prime factors of 0 - -10 - x/(-2)?
7
List the prime factors of 16/(-20) - (-6477)/15.
431
Suppose 0 = -28*j + 26*j - 98. Let a = j + 73. What are the prime factors of a?
2, 3
Let j(p) = p**2 - 3*p + 36. List the prime factors of j(0).
2, 3
Suppose 5*s - 7 = 3*o, 2*s + 21 = -3*s - 4*o. Suppose 8 = 2*n + 2. What are the prime factors of 9 + (s - n/3)?
7
Let h(x) be the third derivative of -5*x**4/12 + 11*x**3/6 - 29*x**2. What are the prime factors of h(-10)?
3, 37
Suppose 4*q - 1834 = 1014. List the prime factors of q.
2, 89
Let g be 2 + (-1)/((-5)/(-510)). Let p be (0 - -4)*g/(-16). Let i = 46 - p. What are the prime factors of i?
3, 7
What are the prime factors of 1647 - (5 + 8 + -6)?
2, 5, 41
Let w = 32 + -26. Let j(b) = 2*b**2 - 5*b - 3. What are the prime factors of j(w)?
3, 13
Let g(w) = w**3 + 6*w**2 - 8*w - 8. Let j be g(-7). Let p(v) = -6*v + 1. Let c be p(j). Suppose c*l - 2*l - 10 = 0. List the prime factors of l.
2
Let l = -62 - -326. Suppose 4*d + 188 = 2*z, 0 = 6*z - 3*z + 3*d - l. What are the prime factors of z?
2, 3, 5
Let y(w) = 3812*w**2 + 1. What are the prime factors of y(1)?
3, 31, 41
What are the prime factors of (-6 - -2 - -17)*23?
13, 23
Suppose -36*o + 34*o + 2220 = 0. List the prime factors of o.
2, 3, 5, 37
Suppose -8*n = -n - 22743. What are the prime factors of n?
3, 19
Let o be (-6)/(-1)*18/6. Let p = o + -7. What are the prime factors of (-6)/(-33) - (-372)/p?
2, 17
Let i(r) = r**3 - r**2 + 3*r - 6. Let t(f) = -4*f**3 + 2*f**2 - f - 2. Let w be t(-1). Let d be i(w). Let n = d - 56. List the prime factors of n.
53
Let g(r) = -11*r**3 - 5*r**2 - 6. List the prime factors of g(-5).
2, 311
Let y(g) = 21*g - 15. Let r be y(6). Suppose 2*f + f - t - 169 = 0, r = 2*f - t. List the prime factors of f.
2, 29
Suppose 25*m + 9308 = 38*m. List the prime factors of m.
2, 179
Suppose 6*h + 4160 = 11*h + g, 0 = 2*g + 10. What are the prime factors of h?
7, 17
Let b = -622 - -1497. What are the prime factors of b?
5, 7
Let d = 9 + -6. Suppose -2*h = 3*h - 225. Let u = h - d. What are the prime factors of u?
2, 3, 7
Suppose -2*u = -7*u - 440. Let t = 180 + u. List the prime factors of t.
2, 23
Let f(p) be the second derivative of p**4/12 - 7*p**3/6 - 31*p**2/2 + 31*p. What are the prime factors of f(-8)?
89
Suppose 2*z = 5*z - 15, 1171 = 4*w - 5*z. Suppose -5*s = 6*y - y - 290, -5*s = 2*y - w. List the prime factors of s.
61
Let g(x) = 355*x**3 + 4*x**2 - 3*x - 4. What are the prime factors of g(2)?
2, 1423
Let m = 1188 - 315. What are the prime factors of m?
3, 97
Suppose -j + 605 = d, 3*d - 4*d - 2445 = -4*j. List the prime factors of j.
2, 5, 61
Suppose 3*c - 1742 = -w + 374, 3*c - 6348 = -3*w. What are the prime factors of w?
2, 23
Let r(l) = -3*l - 11. Let y be r(-5). Let k = 63 + 45. Suppose 0*s + k = y*s. What are the prime factors of s?
3
Suppose -2*g + 612 = -n, -5*g + 380 = 4*n - 1163. List the prime factors of g.
307
What are the prime factors of (-44)/((-35)/(-14)*8/(-210))?
2, 3, 7, 11
Suppose 0 = -2*q - 14 + 84. Let z be (-42)/q*(-15)/(-6). List the prime factors of 1/(z - 145/(-48)).
2, 3
Suppose 82200 = 15*k + 10*k. List the prime factors of k.
2, 3, 137
Let o(p) = -p**2 + 21*p - 66. List the prime factors of o(17).
2
Let u(q) = -q**2 - 15*q + 4. List the prime factors of u(-12).
2, 5
Suppose 0 = f - 7 + 8. Let o(x) = x**3 - x**2 + x. Let v(u) = -37*u**3 + 2*u**2 - 5*u - 2. Let r(c) = 3*o(c) + v(c). What are the prime factors of r(f)?
3, 11
Suppose 4*w + 8 = 8*w + 2*i, 16 = 4*w + 4*i. Suppose w = -11*v + 8*v + 72. List the prime factors of v.
2, 3
Suppose -5*y - 518 = -6863. List the prime factors of y.
3, 47
Let f(j) = 5*j - 7. Let x(w) = -6*w + 1. Let h be x(1). Let a be f(h). List the prime factors of (3 - a) + 1 + 0.
2, 3
Let v(o) = 25*o + 3*o**2 - 1 - o**2 - 33*o. Let w be v(-6). Let r = -65 + w. List the prime factors of r.
2, 3
Suppose -30 = 5*j - 10*j. What are the prime factors of -1 + (-28)/j*(0 + -3)?
13
What are the prime factors of 3 + -1 - (-174 - 1)?
3, 59
Suppose 3*o = 2*s + 3, 4*s + 29 = -3*o - 4. Let r be 4/s*3/2. List the prime factors of (24 - 8/4) + r.
3, 7
Suppose 5*t - 6*t - 3*j = -1495, 4*t = -3*j + 5980. What are the prime factors of t?
5, 13, 23
Suppose -3*c + 0*p = p - 303, -c = -p - 97. List the prime factors of c.
2, 5
Let a be -4 + -47 + (1 - -3). Let d = a - -76. Let q = d - 11. What are the prime factors of q?
2, 3
Let v(p) be the first derivative of -p**4/4 + 14*p**3/3 - 6*p**2 - 8*p - 21. Let j = 24 - 11. List the prime factors of v(j).
5
Suppose -5*d - 5*d + 50 = 0. Suppose d*z = z - 8. List the prime factors of z*(-1)/(4/74).
37
Let c be ((-3)/4)/((-3)/8). Suppose c*x + 0*x = 8. Suppose j + 2*s = 29, -x*s - 16 = 4. List the prime factors of j.
3, 13
Suppose -4*r - 16 = 0, 3*r - 141 = s - 0*s. Let a = s - -264. What are the prime factors of a?
3, 37
Let a(c) = c**3 - 2*c**3 + 19 + 4*c**2 - 4*c**2. Let z be a(0). Let t = z - 1. List the prime factors of t.
2, 3
Let c(n) = 3702*n**2 - 14*n - 10. What are the prime factors of c(-1)?
2, 17, 109
Suppose -252 = -4*y + i, y - 2*i + 3*i - 63 = 0. Let 